 64658 and 44?
22
What is the greatest common factor of 8 and 8?
8
Calculate the greatest common factor of 46 and 782.
46
Calculate the highest common divisor of 55 and 99.
11
Calculate the greatest common factor of 8 and 10232.
8
Calculate the highest common factor of 270 and 432.
54
Calculate the highest common divisor of 2612 and 20.
4
What is the highest common factor of 3737 and 148?
37
Calculate the highest common divisor of 1224 and 72.
72
What is the greatest common factor of 279 and 63?
9
What is the highest common divisor of 560 and 630?
70
What is the greatest common factor of 3403 and 83?
83
What is the greatest common divisor of 276 and 312?
12
Calculate the highest common divisor of 8 and 836.
4
What is the greatest common factor of 5 and 7?
1
What is the highest common divisor of 372 and 24?
12
What is the highest common factor of 889 and 14?
7
What is the highest common divisor of 84 and 96?
12
What is the highest common factor of 630 and 90?
90
What is the highest common factor of 820 and 7708?
164
What is the greatest common factor of 224 and 1728?
32
What is the highest common divisor of 14010 and 90?
30
Calculate the highest common factor of 60 and 230.
10
What is the highest common divisor of 18390 and 24?
6
What is the highest common divisor of 16 and 3728?
16
Calculate the greatest common divisor of 5768 and 112.
56
What is the greatest common factor of 161 and 28?
7
What is the greatest common factor of 1289 and 13?
1
What is the highest common factor of 756 and 28?
28
Calculate the greatest common factor of 38 and 494.
38
What is the greatest common factor of 8938 and 872?
218
Calculate the greatest common factor of 198 and 234.
18
What is the highest common divisor of 297 and 3663?
99
Calculate the greatest common factor of 30 and 750.
30
What is the greatest common factor of 675 and 75?
75
Calculate the greatest common divisor of 2289 and 21.
21
What is the highest common factor of 216 and 144?
72
What is the highest common divisor of 300 and 350?
50
Calculate the greatest common divisor of 12 and 4.
4
Calculate the highest common divisor of 2 and 128.
2
Calculate the greatest common factor of 184 and 10051.
23
What is the greatest common factor of 14 and 5894?
14
Calculate the highest common factor of 161 and 23.
23
What is the greatest common factor of 546 and 2652?
78
Calculate the greatest common factor of 35 and 21.
7
Calculate the greatest common divisor of 448 and 512.
64
Calculate the highest common factor of 546 and 168.
42
What is the highest common divisor of 437 and 3956?
23
Calculate the greatest common divisor of 1058 and 230.
46
What is the greatest common factor of 34 and 10319?
17
What is the highest common divisor of 21 and 1141?
7
What is the greatest common divisor of 72 and 1944?
72
Calculate the greatest common factor of 6300 and 5.
5
Calculate the greatest common factor of 174 and 15138.
174
Calculate the highest common divisor of 248 and 186.
62
Calculate the highest common factor of 561 and 17.
17
Calculate the highest common factor of 621 and 69.
69
What is the highest common factor of 3283 and 201?
67
Calculate the highest common divisor of 1329 and 3.
3
Calculate the highest common factor of 156 and 1482.
78
What is the highest common factor of 12 and 36?
12
What is the highest common factor of 22 and 25366?
22
Calculate the greatest common divisor of 427 and 49.
7
What is the greatest common factor of 28 and 76748?
28
What is the highest common divisor of 27 and 11142?
9
What is the greatest common divisor of 1204 and 559?
43
Calculate the greatest common divisor of 8460 and 36.
36
What is the greatest common factor of 128 and 8?
8
What is the highest common factor of 9666 and 108?
54
Calculate the greatest common factor of 565 and 35.
5
Calculate the greatest common factor of 18 and 22644.
18
What is the greatest common factor of 108 and 192?
12
What is the highest common divisor of 228 and 13376?
76
Calculate the greatest common factor of 64294 and 244.
122
Calculate the greatest common divisor of 3 and 996.
3
What is the greatest common factor of 228 and 24?
12
Calculate the highest common divisor of 119 and 272.
17
Calculate the highest common divisor of 512 and 1728.
64
What is the greatest common factor of 3 and 8?
1
What is the greatest common factor of 4552 and 8?
8
What is the greatest common divisor of 481 and 39?
13
Calculate the greatest common factor of 69 and 92.
23
Calculate the greatest common factor of 7153 and 23.
23
What is the greatest common divisor of 3 and 8478?
3
What is the highest common divisor of 352 and 286?
22
What is the highest common factor of 570 and 152?
38
What is the greatest common divisor of 48 and 816?
48
What is the highest common divisor of 125 and 25?
25
Calculate the highest common divisor of 48 and 624.
48
Calculate the highest common factor of 3235 and 5.
5
Calculate the greatest common factor of 456 and 969.
57
Calculate the highest common factor of 236 and 4.
4
Calculate the greatest common divisor of 377 and 117.
13
Calculate the highest common factor of 120 and 120.
120
Calculate the greatest common factor of 220 and 100.
20
Calculate the greatest common factor of 1000 and 16.
8
Calculate the greatest common divisor of 1876 and 378.
14
Calculate the highest common factor of 45 and 75.
15
Calculate the highest common divisor of 3631 and 1.
1
What is the highest common factor of 936 and 612?
36
What is the highest common factor of 656 and 32?
16
Calculate the highest common factor of 999 and 2775.
111
Calculate the highest common factor of 1426 and 92.
46
What is the highest common factor of 154 and 154?
154
Calculate the highest common factor of 348 and 24.
12
Calculate the greatest common factor of 555 and 180.
15
What is the greatest common factor of 41 and 1763?
41
What is the highest common divisor of 40 and 1100?
20
Calculate the highest common divisor of 6402 and 66.
66
Calculate the greatest common factor of 46 and 1242.
46
Calculate the highest common factor of 81 and 108.
27
What is the highest common factor of 7763 and 49?
7
Calculate the greatest common factor of 11 and 3553.
11
Calculate the greatest common factor of 17175 and 229.
229
What is the greatest common divisor of 232 and 261?
29
Calculate the highest common factor of 18 and 81.
9
Calculate the highest common factor of 720 and 80.
80
What is the greatest common factor of 48 and 54?
6
What is the greatest common factor of 2448 and 476?
68
Calculate the greatest common divisor of 64 and 28.
4
Calculate the highest common divisor of 9571 and 17.
17
Calculate the highest common factor of 9 and 81.
9
What is the highest common divisor of 6 and 362?
2
Calculate the highest common factor of 1519 and 62.
31
Calculate the highest common factor of 1711 and 29.
29
Calculate the highest common divisor of 17 and 2567.
17
What is the greatest common factor of 24 and 224?
8
Calculate the highest common factor of 57 and 1007.
19
Calculate the highest common divisor of 1116 and 3844.
124
What is the greatest common factor of 936 and 576?
72
Calculate the greatest common divisor of 16 and 4112.
16
What is the greatest common factor of 9078 and 102?
102
What is the highest common divisor of 7 and 27?
1
Calculate the greatest common divisor of 44 and 836.
44
Calculate the greatest common factor of 216 and 16.
8
What is the greatest common factor of 410 and 82?
82
Calculate the greatest common divisor of 182 and 1547.
91
Calculate the highest common factor of 136 and 32.
8
What is the highest common factor of 32 and 212?
4
What is the greatest common divisor of 1254 and 264?
66
Calculate the highest common divisor of 8 and 20.
4
What is the greatest common divisor of 47064 and 111?
111
Calculate the greatest common divisor of 26 and 637.
13
What is the greatest common divisor of 50 and 30?
10
What is the highest common factor of 104 and 424?
8
Calculate the greatest common divisor of 28714 and 196.
98
Calculate the greatest common factor of 24797 and 181.
181
Calculate the greatest common factor of 499 and 3.
1
What is the highest common divisor of 9520 and 35?
35
Calculate the greatest common factor of 60 and 1940.
20
Calculate the greatest common divisor of 41 and 2624.
41
What is t